ommon factor of 98 and j.
14
Suppose -34*c + 7254 = 3*c - 6*c. What is the highest common divisor of 2496 and c?
78
Let x be (-9 - (-10 + 3)) + 1*5. Let b = 54 - 34. Let v = b - 5. What is the highest common factor of x and v?
3
Suppose 20*b + 24*b - 32032 = 0. What is the highest common divisor of 616 and b?
56
Let h = -4890 - -1082. Let k be ((72/(-14))/(-2))/((-102)/h). Suppose -21 - 15 = -3*t. Calculate the greatest common divisor of k and t.
12
Let s = 7659 + -5379. Calculate the highest common factor of 95 and s.
95
Let d = -11066 + 11171. Calculate the highest common factor of d and 77.
7
Suppose 0 = -5*i + 2*b + 2469, -3*i = -i - 2*b - 984. Let n be 9/(i/1970) - 8/(-44). What is the highest common factor of 45 and n?
9
Let y(c) = 32*c**2 + 142*c + 573. Let a be y(-4). Let o(k) = k**3 - 6*k**2 - 10*k - 1. Let q be o(8). What is the greatest common factor of q and a?
47
Let w = 79584 - 79449. Suppose 95 = 5*j - 175. Calculate the highest common factor of w and j.
27
Suppose 3*k = -4*w + 49, 4*k - 62 = -w - 4*w. Let z(n) = -16 - 26*n - 25*n + 25*n. Let l be z(-1). Calculate the greatest common divisor of l and w.
10
Suppose 2*y + 26 = -4*m, -5*m = y + 11 + 14. Let x be -1*204/m - -5. Calculate the highest common factor of 98 and x.
14
Suppose 0 = -2*z - 319 - 123. Let i = -174 - z. Calculate the greatest common factor of 188 and i.
47
Let l(k) = k**2 + 7*k + 6. Let u be l(-7). Let r(c) = -c**3 - 14*c**2 + 4*c + 60. Let z be r(-14). What is the greatest common factor of z and u?
2
Let i be ((6/(-18))/(-1))/((-4)/(864/(-1))). What is the greatest common divisor of 6456 and i?
24
Let y(x) = -x**3 + 69*x**2 - x + 84. Let w be y(69). Let h = 39 + 501. What is the highest common divisor of h and w?
15
Let w(j) = 4*j + 240. Let i be 1 - 0 - (-2)/((-6)/3). Let b be w(i). What is the highest common divisor of 15 and b?
15
Let b = 588 + -210. Suppose -x - 3*u + 126 = 0, -x - 2*x = 4*u - b. Let k = -869 - -883. Calculate the highest common factor of x and k.
14
Let h be 2/((76/1520)/(14/16)). What is the highest common divisor of 1043 and h?
7
Let x be 1/(-9) + (-184817)/(-261). What is the greatest common factor of 1239 and x?
177
Suppose -7 = -3*i + 5. Suppose 518*c + 352 = 521*c + 4*q, 0 = -2*c - q + 243. What is the greatest common factor of c and i?
4
Suppose -2*i = -4*i - 2*c + 74, -3*c - 9 = 0. Let w be 225/(-33) + 10/(-55). Let o be (1 - -1)*(27 + w). Calculate the highest common divisor of i and o.
40
Suppose 0 = 5*v + 2*x - 11730, 5*v + 39*x = 34*x + 11730. Calculate the highest common divisor of v and 18.
6
Let u be (2628/10)/(13 + 126/(-10)). Let c = u - 633. Calculate the greatest common divisor of c and 348.
12
Suppose 5*y - 11*y = 0. Suppose y = -2*m - m + 93. Calculate the highest common factor of 31 and m.
31
Let z = -144 + 50. Let w = z + 112. Calculate the highest common factor of w and 21.
3
Suppose 0 = 5*w + 3*a - 1596, 0*a = a + 3. Let x = w - 186. Calculate the greatest common factor of 30 and x.
15
Let v = 0 - 0. Let i(w) = 6 - w + 157*w**3 - 81*w**3 - 77*w**3. Let p be i(v). Calculate the greatest common factor of 4 and p.
2
Let m(v) = -v + 1. Let l be m(-4). Suppose l*z - 192 = -r + 69, -3*z + 959 = 4*r. Let i = -125 + r. Calculate the greatest common divisor of i and 74.
37
Suppose 3*z - 39 + 95 = g, 5*g - z = 392. What is the highest common factor of g and 4440?
40
Suppose 5*d + 5*j = 5330, -16*d + 6*j - 2*j = -16876. Calculate the highest common divisor of d and 2265.
151
Let k be (-2)/(-6) + 56/21. Suppose -w + 3*y = 15, k*w + 5 = w + y. Suppose w*i + 4*i - 12 = 0. Calculate the greatest common factor of i and 15.
3
Let a be 124/(-248)*(-28)/1. Let n be 1*-1 + (69 - -2). Calculate the greatest common factor of n and a.
14
Let n be 1/(36/999)*(-48)/(-9). What is the greatest common divisor of 111 and n?
37
Let t(u) = -218*u + 1. Let r be t(-2). Let f = r + -212. Calculate the greatest common divisor of 25 and f.
25
Let r(a) = -24*a**3 + a**2 + 2*a - 12. Let o be r(-2). Calculate the greatest common factor of o and 3180.
60
Suppose b = -0*b + 4*h + 19, 0 = -3*b + 4*h + 49. Suppose l + 362 = 13*w - 10*w, 3*l - 354 = -3*w. Calculate the highest common divisor of w and b.
15
Let x = 37 + -27. Suppose -c + k = -115, 0 = -2*c + 10*k - 7*k + 235. Calculate the highest common divisor of x and c.
10
Let p(m) = -m**3 + 8*m**2 + 1. Let d be p(8). Let b = 52 - d. Let f = b + -39. Calculate the greatest common divisor of f and 108.
12
Suppose 7*s - 6*s - 10 = 0. Suppose -5*l + 60 - s = 0. Suppose 50*u - 46*u - 40 = 0. Calculate the highest common divisor of l and u.
10
Let g be 91 - ((-3 - -2) + -1). Let d(p) = -p**3 - 14*p**2 - 24*p - 26. Let n be d(-13). Let q = -86 + n. What is the greatest common divisor of g and q?
31
Let t = -547 - -545. Let z be t/(-11) + 0 - (-3416)/88. Calculate the greatest common factor of 65 and z.
13
Suppose 9530 = -16*i + 151242. What is the highest common factor of 17 and i?
17
Suppose 0 = i + 2*o + 2 - 3, 0 = -5*i - 5*o. Let x be (-93)/124*(-133 - i). What is the greatest common divisor of x and 33?
33
Suppose -298 = -2*i - 4*y, 6*y - 3*y + 465 = 3*i. Let u be ((-2479)/(-4))/37 + (-15)/(-12). Calculate the greatest common factor of u and i.
9
Let n be (-20)/(-100)*1935 - (6 + 0 + -3). Calculate the highest common factor of n and 3328.
128
Let q be (26/(-8)*2)/((413/59)/(-14)). What is the highest common divisor of q and 5837?
13
Let n(g) = -g**3 + 5*g**2 + 7*g - 4. Let c be n(6). Suppose 6*i - 48 = c*i. Let v be ((-80)/i + 1)*-18. Calculate the highest common divisor of v and 34.
34
Let n(f) = f**3 + 44*f**2 - 30*f - 105. Let s be n(-44). What is the highest common divisor of s and 324?
81
Suppose -5*o + i = 3*i - 115, -2*o + 62 = 4*i. Let j(r) = -3*r + 110. Let n be j(o). Calculate the greatest common factor of 423 and n.
47
Suppose -y + 4*w = -11734, -70 = 2*w - 68. What is the highest common factor of y and 15?
15
Let n(k) be the first derivative of -k**4/4 - 25*k**3/3 - 14*k**2 - 56*k - 271. Let i be n(-24). Calculate the greatest common divisor of 32 and i.
8
Suppose -2*c + 36 = -6*c - 5*l, 3*c + 32 = -5*l. Let m be ((-96)/(-10))/(c/(-40)). Calculate the highest common divisor of m and 336.
48
Let o be (-5)/(-85) + (-6650)/(-238). What is the highest common factor of 2828 and o?
28
Let r = -16871 + 19645. What is the highest common factor of r and 646?
38
Let l = 7627 + -7568. What is the greatest common factor of 14101 and l?
59
Let q be 2 - 2 - ((-2)/(-10) - (-132)/(-60)). What is the greatest common divisor of 13666 and q?
2
Let i be 3 + -2 + 57/3. Let s = -1567 - -1575. Calculate the highest common divisor of s and i.
4
Suppose 4*j = 3*b + 231, 5*b - 245 = 6*j - 11*j. Calculate the greatest common divisor of 1728 and j.
54
Let y = 32 + 36. Let x = 43 - y. Let g = 39 + x. Calculate the highest common divisor of 126 and g.
14
Let y be 21/6*(41 - (-105)/(-5)). What is the greatest common divisor of 1030 and y?
10
Suppose 35 = 4*o - 409. Let l be o/(-296) + 4582/16. What is the highest common divisor of l and 22?
22
Let x = 28613 + -27839. What is the greatest common divisor of 126 and x?
18
Let l = 10 + 46. Let y = 0 + l. Let b(w) = w**3 + 37*w**2 + 35*w + 20. Let d be b(-36). Calculate the highest common factor of y and d.
56
Suppose 4*b = 257*t - 255*t - 13370, 13394 = 2*t + 2*b. Calculate the greatest common divisor of 69 and t.
69
Let p = 38216 + -38181. What is the highest common divisor of p and 225?
5
Suppose -5*l = -3*p + 831 + 349, -1584 = -4*p + 4*l. Calculate the highest common divisor of p and 112.
16
Let f(h) = 14*h + 93. Let p be f(-6). Calculate the greatest common divisor of 23 and p.
1
Let o be 0/8 - (-3 - -1). Suppose 8 = y + c, 2*c = -2*y - o*y + 24. Calculate the highest common divisor of y and 52.
4
Let y = -1335 - -2024. What is the greatest common factor of 212 and y?
53
Let y = 202 + -123. Suppose q = -y + 83. Suppose -5*c = m + q*m - 105, -2*c = -5*m - 63. Calculate the highest common factor of 6 and c.
6
Let q = 113 - 111. Let k(j) = 2*j + q + 2*j - j + j**2 - 5. Let c be k(-5). What is the greatest common divisor of c and 21?
7
Suppose -2587*z + 2*c = -2589*z + 98, 181 = 4*z + c. What is the highest common factor of 11022 and z?
22
Suppose -48*m = -126*m + 45942. 